e the first derivative of -8*j**3/3 + j**2 + j - 1. Let o = -210 - -298. Let r be (o/24)/11*-3. What is b(r)?
-9
Let m(o) = -8*o**3 + o**2 - o. Let c be (0 - 12/(-10))/((-2)/(-5)). Suppose 0 = c*f - 8*f + 185. Let i = f - 36. Give m(i).
-8
Let q(w) be the second derivative of 15*w - 5/2*w**3 + 1/12*w**4 + 0 - 3*w**2. Give q(15).
-6
Let r(m) = 8*m - 12. Suppose 5*j - 20*z + 42 = -24*z, -6 = 2*j - 2*z. Calculate r(j).
-60
Let w(q) = -4*q + 109. Let f = 8443 + -8419. What is w(f)?
13
Let l(i) = i**3 + 2158*i - 10*i**2 - 49 - 2175*i - 12*i**3 + 9*i**3. What is l(-4)?
-13
Suppose -5*s = 4*y + 17 - 9, -s - y - 1 = 0. Let f(k) = -3*k**2 - 11*k - 6. Give f(s).
-10
Let l(o) = -2*o + 3. Suppose 14*c - 477 = 321. Let k = c + -55. Determine l(k).
-1
Suppose -56 = 3*a + 5*v, 11 = -5*a + 3*v - 37. Let g be 3/((-54)/a + -3). Let f(l) = 6*l**2 - l. Determine f(g).
22
Let a(h) be the second derivative of -h**7/2520 - h**5/30 + h**4/4 - 11*h**2/2 - 13*h - 8. Let q(k) be the third derivative of a(k). Give q(3).
-13
Let y(n) = -9*n + 201. Let k(g) = 43. Let w(a) = 6*k(a) - y(a). Calculate w(-7).
-6
Let v(g) = -2*g**2 - 22*g + 18. Suppose -13*c = 4*a - 10*c + 48, 60 = -5*a + 3*c. Let r be v(a). Let h(z) = -z**2 - 7*z - 6. Determine h(r).
0
Let y(t) = 2*t. Let a(x) = -5*x**2 + 38*x - 40. Let c(h) = 6*h**2 - 39*h + 41. Let m(r) = 4*a(r) + 3*c(r). Let w be m(16). Determine y(w).
22
Let m(c) = -c**2 - 12*c - 12. Suppose -4*l - 64 = -3*s, -51 = -2*s - 4*l + 25. Let n be (s/8 + -3)*-24. Determine m(n).
-12
Let l(b) = -b**2 + b - 3. Let h(x) = -x**2 - 2. Let i(q) = 3*h(q) - 4*l(q). Suppose 221 = 5*j - 219. Suppose 0 = -5*g + 113 - j. Calculate i(g).
11
Let g be 27 + (12 - 726/22). Let b(j) = 3*j - 16. Give b(g).
2
Let i(r) = r**2 + 2*r - 3. Let m = -45 + 46. Let f be 5 + -2 + m + -2. Suppose 0*q + f*q = 6. Calculate i(q).
12
Let g(s) = -s**2 - 2*s - 8. Let o = -6987 + 6991. Give g(o).
-32
Let d(b) = -b + 6. Let v be d(4). Let x(f) = -11*f + f**v + 3*f - 11 + 0*f**2. Suppose r - 7 - 2 = 0. What is x(r)?
-2
Let k(v) be the second derivative of -53*v**3/6 + 3*v**2/2 + 175*v. Calculate k(1).
-50
Suppose -2*a + 0 = -6. Let o(r) = r - 3. Let y be o(6). Let i(c) = -20*c**y - c**2 - 19*c**a + 41*c**3. What is i(1)?
1
Let i(k) be the third derivative of -k**6/120 + k**5/60 + k**4/6 - 5*k**3/6 - k**2 - 779. Give i(3).
-11
Let b(s) be the third derivative of s**7/5040 + 7*s**6/720 - 49*s**5/60 - 4*s**2. Let d(g) be the third derivative of b(g). Give d(-5).
2
Let r(g) = 983*g**2 + 988*g**2 + 987*g**2 - 16*g - 2957*g**2 + 39 + 18. Give r(5).
2
Let p = 501 + -498. Let s(t) = t**p + 5*t**2 + 7*t - 13*t - 2*t + 4*t + 7. Calculate s(-6).
-5
Let r(o) = 5*o**2 - 77*o - 383. Let k(g) = -g**2 + 19*g + 87. Let n(c) = -9*k(c) - 2*r(c). What is n(-17)?
-17
Let j(c) be the second derivative of -5*c**3/6 + 5*c**2/2 - 6*c. Give j(1).
0
Let n(m) be the third derivative of -m**5/60 + 7*m**4/12 - 19*m**3/3 + 2*m**2 + 1. Let t be n(9). Let p(a) = 3*a - 3. Determine p(t).
18
Let t(q) = q**3 - 13*q**2 + 17*q + 9. Let s be t(0). Let z(g) = g - 5. Give z(s).
4
Let q(j) = -j**3 + 22*j**2 - 23*j + 25. Let u = 1010 - 989. Determine q(u).
-17
Suppose 199*g = 226*g + 81. Let c(v) = v**2 + 8*v + 14. Determine c(g).
-1
Let f(q) = -3*q - 3. Let j = -2270 - -2269. Give f(j).
0
Let b(l) = 2*l**2 - 33*l + 40. Let u = -510 + 525. Let r be b(u). Let x(z) = 2*z - 12. Give x(r).
-22
Let t be (-5)/(-2)*(-2)/10*-12. Let n be 274 - (-3)/t*4. Let a(v) = 276 - 2*v - n. Determine a(1).
-2
Let c(y) = -y - 3. Let j be (28/3)/(15/9 + -1). Suppose j*i - 108 = 11*i. Let d = -30 + i. What is c(d)?
-9
Let x(l) = 4*l - 2. Let m(q) = q - 1. Let f(i) = -7*m(i) + 2*x(i). Let k(j) = -69*j + 341. Let t be k(5). Calculate f(t).
-1
Let q(b) be the third derivative of -b**4/24 - 4*b**3/3 - 5*b**2 - 16*b. Give q(-3).
-5
Let z(g) = 9*g - 126. Let h = -4671 + 4684. What is z(h)?
-9
Let r(t) be the second derivative of -t**4/12 + 11*t**3/6 + 17*t**2/2 - 2*t. Suppose 0 = -99*c - 214 + 695 + 608. Give r(c).
17
Suppose 29*g + 1232 = 15*g. Let x = -88 - g. Let m(o) = -o**2 + o + 4. Give m(x).
4
Suppose -7 + 1 = 5*y - 1. Let t(b) = 28*b**2 - 3*b - 2. Give t(y).
29
Let a(p) = -7*p**3 - 47*p**2 + 27*p - 15. Let q(f) = 3*f**3 + 22*f**2 - 13*f + 7. Let x(m) = 4*a(m) + 9*q(m). Calculate x(7).
87
Let p be 0 - 2*(-6)/4. Let y(s) = 5 + 29*s - 7 + p. Let g(j) = -2*j**2 + 23*j - 10. Let l be g(11). What is y(l)?
30
Let z(p) be the first derivative of p**4 + 2*p**3/3 + p**2 + 2*p - 1. Let l be -2 + (-480)/(-24) + -20. Give z(l).
-26
Let w(u) = -8*u - 34. Let v = 73 + -78. What is w(v)?
6
Let l(n) = -59*n**2 - n**3 + 29*n**2 - n + 31*n**2. Let p(o) = 3*o**3 + 6*o**2 + 9*o + 6. Let x(w) = -2*l(w) - p(w). Calculate x(-7).
-6
Let i(c) = -1. Let q(d) = -d + 8. Suppose 2*l + 47 = -3*s + 7*l, -5*s - 3*l - 33 = 0. Let o be (6/s)/((-10)/(-15)). Let h(k) = o*q(k) - 3*i(k). Calculate h(7).
2
Let q = -39008 - -39002. Let p(c) be the third derivative of c**5/30 + 13*c**4/24 + 7*c**3/6 + c**2. What is p(q)?
1
Let m be (51/34)/(6/(-8)). Let f(o) = 2*o + 11. Determine f(m).
7
Suppose 14*q = -17*q + 8*q. Let h(u) = 13*u + u**2 - 32*u + q*u**2 - 7 + 22*u. Give h(5).
33
Let y(l) = 7*l**3 - 5*l**2 + l + 6. Let v(g) = -g**3 - 7*g**2 + 14*g + 3. Let i be v(0). Determine y(i).
153
Let v(x) = 2*x**3 - x**2 - 2. Let a be v(2). Let q(u) = -8*u**3 - 5*u**3 - a*u**3 - 3*u**2 + 22*u**3 - 4*u - 2. Let d be (4/(-5))/((-8)/(-20)). What is q(d)?
2
Suppose 0 = 42*r - 49*r + 56. Let x(g) = -g**2 + 12*g - 20. Calculate x(r).
12
Let w(j) = 9*j - 20. Let q(h) = -864*h - 10355. Let i be q(-12). Give w(i).
97
Suppose -5*c - 16*a - 7 = -17*a, 7 = -3*c + 2*a. Let q(t) = 40*t - 2. What is q(c)?
-42
Let z = -7674 - -7675. Let x(n) = -n**3 + 6*n**2 + n - 4. Give x(z).
2
Let d be 8/(-12) - (-726)/(-18). Let u = -37 - d. Let l(y) = y + 2*y - u*y + 2. Calculate l(6).
-4
Let l = 14 + 17. Suppose -4*p = -o + l - 6, 5 = 5*o. Let q(z) = -z**2 + 4*z + 683 - 343 - 339 + z**3 + 8*z**2. What is q(p)?
13
Let l(a) be the third derivative of 7/60*a**6 + 0*a + 0*a**4 - a**2 - 1/6*a**3 + 1/30*a**5 + 105. Determine l(-1).
-13
Let q(b) = -b. Let y(i) = 2*i - 1. Let p(k) = 5*q(k) + 3*y(k). Let u be p(-5). Let s(r) = 29059*r**2 - 2*r - 11 - 29058*r**2 + 8*r. Give s(u).
5
Let l(p) be the third derivative of -p**6/120 - 7*p**5/30 - 19*p**4/24 - p**3/6 + 1524*p**2. Calculate l(-13).
77
Let x(i) = 4*i + 1. Let r(q) = -6*q**2 - 19*q - 16. Let l be r(-1). Calculate x(l).
-11
Let d(n) be the third derivative of -3*n**2 + 0*n**3 + 0*n - 1/120*n**6 + 1/30*n**5 + 0 - 1/24*n**4. Let m be ((8 - 6) + 3 - 2) + -2. What is d(m)?
0
Let x(g) = -g - 1. Let c(o) = -o**2 - 3*o - 12. Suppose 0 = -4*k + 120 + 208. Let b be 3/(-21) + k/(-14). Let i(w) = b*x(w) + c(w). Determine i(4).
-10
Let g(y) = -2*y - 12. Suppose 5*q - 40 = -4*o - 12, -2*o = 4*q - 8. Suppose -36*p + 20 = -31*p, 3*p = 4*k - o. Determine g(k).
-24
Let u(y) = y - 8. Let i(f) = 2*f**3 - 7*f**2 + 9*f + 7. Let k(t) = t**2 + 1. Let x(p) = -i(p) + 4*k(p). Let o be x(4). Determine u(o).
1
Let c be (3 + -1 + -2)*(-97)/194. Let k(d) = 3*d**2 + 3*d + 1. What is k(c)?
1
Let q(k) be the first derivative of k**4/4 - 5*k**3/3 - 5*k - 25. Let d = -89 - -94. Determine q(d).
-5
Suppose 50*o + 56 = 64*o. Suppose -3*w - 25 + 4 = -5*b, -5*w = 2*b + o. Let v(g) be the third derivative of g**4/12 - g**3/3 - g**2. Calculate v(b).
4
Let i = -20490 + 20483. Let w(x) = x**3 + 15*x**2 + 52*x - 21. Determine w(i).
7
Let g(o) = -5*o - 3 + 3*o**3 + 6*o**3 + 0*o**3 + 4*o**3. What is g(-2)?
-97
Let r(c) = c**2 + 11*c + 9. Let p(a) = a**3 - 12*a**2 + 12*a - 17. Let g be p(11). Let f be -6 + (1 - (54/g)/(-3)). Determine r(f).
-15
Suppose 5 - 3 = -3*v + j, -5*v + 10 = 5*j. Suppose -4*c + 32 = 2*o, v = 2*c - 4*o - 8 + 12. Let p(g) = -3*g - 5 - g**2 + 6*g + 4*g. Give p(c).
1
Let h(i) = -4*i + 3. Suppose -15*w + 286 = -2*w. Let a(m) = -21*m + 16. Let n(y) = w*h(y) - 4*a(y). Let q(d) = -d. Let g be q(-2). Calculate n(g).
-6
Let o(b) = -32 - 18*b - 16*b - 4*b + 48*b + 108. Calculate o(-8).
-4
Let n(x) = x**3 - 17*x**2 - 20*x + 40. Suppose -5*m + 2*w = -62 - 20, 0 = -4*w + 16. Determine n(m).
4
Let p(l) = 12*l - 11. Let z(b) be the first derivative of -5*b**2/2 + 6*b + 41. Let t(x) = -4*p(x) - 7*z(x). What is t(-2